[INFO] cloning repository https://github.com/PKJamoo/Babel
[INFO] running `Command { std: "git" "-c" "credential.helper=" "-c" "credential.helper=/workspace/cargo-home/bin/git-credential-null" "clone" "--bare" "https://github.com/PKJamoo/Babel" "/workspace/cache/git-repos/https%3A%2F%2Fgithub.com%2FPKJamoo%2FBabel", kill_on_drop: false }`
[INFO] [stderr] Cloning into bare repository '/workspace/cache/git-repos/https%3A%2F%2Fgithub.com%2FPKJamoo%2FBabel'...
[INFO] running `Command { std: "git" "rev-parse" "HEAD", kill_on_drop: false }`
[INFO] [stdout] aecc859a7f47625d660c11aff6bc807d8a8c18cd
[INFO] checking PKJamoo/Babel against try#72f88fc4e9458f89516a0b8b0868f3718aec5b47 for pr-74989
[INFO] running `Command { std: "git" "clone" "/workspace/cache/git-repos/https%3A%2F%2Fgithub.com%2FPKJamoo%2FBabel" "/workspace/builds/worker-9/source", kill_on_drop: false }`
[INFO] [stderr] Cloning into '/workspace/builds/worker-9/source'...
[INFO] [stderr] done.
[INFO] validating manifest of git repo https://github.com/PKJamoo/Babel on toolchain 72f88fc4e9458f89516a0b8b0868f3718aec5b47
[INFO] running `Command { std: "/workspace/cargo-home/bin/cargo" "+72f88fc4e9458f89516a0b8b0868f3718aec5b47" "read-manifest" "--manifest-path" "Cargo.toml", kill_on_drop: false }`
[INFO] started tweaking git repo https://github.com/PKJamoo/Babel
[INFO] finished tweaking git repo https://github.com/PKJamoo/Babel
[INFO] tweaked toml for git repo https://github.com/PKJamoo/Babel written to /workspace/builds/worker-9/source/Cargo.toml
[INFO] crate git repo https://github.com/PKJamoo/Babel already has a lockfile, it will not be regenerated
[INFO] running `Command { std: "/workspace/cargo-home/bin/cargo" "+72f88fc4e9458f89516a0b8b0868f3718aec5b47" "fetch" "--locked" "--manifest-path" "Cargo.toml", kill_on_drop: false }`
[INFO] [stderr]     Blocking waiting for file lock on package cache
[INFO] [stderr]     Blocking waiting for file lock on package cache
[INFO] [stderr]  Downloading crates ...
[INFO] [stderr]   Downloaded wide v0.4.5
[INFO] [stderr]   Downloaded bracket-pathfinding v0.8.0
[INFO] [stderr]   Downloaded bracket-lib v0.8.0
[INFO] [stderr]   Downloaded bracket-geometry v0.8.0
[INFO] [stderr]   Downloaded bracket-algorithm-traits v0.8.0
[INFO] [stderr]   Downloaded bracket-color v0.8.0
[INFO] [stderr]   Downloaded bracket-noise v0.8.0
[INFO] [stderr]   Downloaded rltk v0.8.0
[INFO] [stderr]   Downloaded bracket-terminal v0.8.0
[INFO] running `Command { std: "docker" "create" "-v" "/var/lib/crater-agent-workspace/builds/worker-9/target:/opt/rustwide/target:rw,Z" "-v" "/var/lib/crater-agent-workspace/builds/worker-9/source:/opt/rustwide/workdir:ro,Z" "-v" "/var/lib/crater-agent-workspace/cargo-home:/opt/rustwide/cargo-home:ro,Z" "-v" "/var/lib/crater-agent-workspace/rustup-home:/opt/rustwide/rustup-home:ro,Z" "-e" "SOURCE_DIR=/opt/rustwide/workdir" "-e" "CARGO_TARGET_DIR=/opt/rustwide/target" "-e" "CARGO_HOME=/opt/rustwide/cargo-home" "-e" "RUSTUP_HOME=/opt/rustwide/rustup-home" "-w" "/opt/rustwide/workdir" "-m" "1610612736" "--user" "0:0" "--network" "none" "rustops/crates-build-env@sha256:d92eaeed33fa75130ca1ee6c8a01d1ffb62bac859dfdfb3450e3e5d1c0146529" "/opt/rustwide/cargo-home/bin/cargo" "+72f88fc4e9458f89516a0b8b0868f3718aec5b47" "metadata" "--no-deps" "--format-version=1", kill_on_drop: false }`
[INFO] [stdout] 0ed9f93a7cbc877a5c7144105a17a9bd65bd6d7732136a62fe4f9787d4efb359
[INFO] [stderr] WARNING: Your kernel does not support swap limit capabilities or the cgroup is not mounted. Memory limited without swap.
[INFO] running `Command { std: "docker" "start" "-a" "0ed9f93a7cbc877a5c7144105a17a9bd65bd6d7732136a62fe4f9787d4efb359", kill_on_drop: false }`
[INFO] running `Command { std: "docker" "inspect" "0ed9f93a7cbc877a5c7144105a17a9bd65bd6d7732136a62fe4f9787d4efb359", kill_on_drop: false }`
[INFO] running `Command { std: "docker" "rm" "-f" "0ed9f93a7cbc877a5c7144105a17a9bd65bd6d7732136a62fe4f9787d4efb359", kill_on_drop: false }`
[INFO] [stdout] 0ed9f93a7cbc877a5c7144105a17a9bd65bd6d7732136a62fe4f9787d4efb359
[INFO] running `Command { std: "docker" "create" "-v" "/var/lib/crater-agent-workspace/builds/worker-9/target:/opt/rustwide/target:rw,Z" "-v" "/var/lib/crater-agent-workspace/builds/worker-9/source:/opt/rustwide/workdir:ro,Z" "-v" "/var/lib/crater-agent-workspace/cargo-home:/opt/rustwide/cargo-home:ro,Z" "-v" "/var/lib/crater-agent-workspace/rustup-home:/opt/rustwide/rustup-home:ro,Z" "-e" "SOURCE_DIR=/opt/rustwide/workdir" "-e" "CARGO_TARGET_DIR=/opt/rustwide/target" "-e" "CARGO_INCREMENTAL=0" "-e" "RUST_BACKTRACE=full" "-e" "RUSTFLAGS=--cap-lints=forbid" "-e" "CARGO_HOME=/opt/rustwide/cargo-home" "-e" "RUSTUP_HOME=/opt/rustwide/rustup-home" "-w" "/opt/rustwide/workdir" "-m" "1610612736" "--user" "0:0" "--network" "none" "rustops/crates-build-env@sha256:d92eaeed33fa75130ca1ee6c8a01d1ffb62bac859dfdfb3450e3e5d1c0146529" "/opt/rustwide/cargo-home/bin/cargo" "+72f88fc4e9458f89516a0b8b0868f3718aec5b47" "check" "--frozen" "--all" "--all-targets" "--message-format=json", kill_on_drop: false }`
[INFO] [stdout] 68cc74ad6170c25dca30be1295f825970b3a8901cef39657dcfc6f074bf5c795
[INFO] [stderr] WARNING: Your kernel does not support swap limit capabilities or the cgroup is not mounted. Memory limited without swap.
[INFO] running `Command { std: "docker" "start" "-a" "68cc74ad6170c25dca30be1295f825970b3a8901cef39657dcfc6f074bf5c795", kill_on_drop: false }`
[INFO] [stderr]    Compiling libc v0.2.69
[INFO] [stderr]    Compiling log v0.4.8
[INFO] [stderr]    Compiling cfg-if v0.1.10
[INFO] [stderr]    Compiling proc-macro2 v1.0.10
[INFO] [stderr]    Compiling getrandom v0.1.14
[INFO] [stderr]    Compiling byteorder v1.3.4
[INFO] [stderr]    Compiling syn v1.0.18
[INFO] [stderr]    Compiling bitflags v1.2.1
[INFO] [stderr]    Compiling khronos_api v3.1.0
[INFO] [stderr]    Compiling proc-macro2 v0.4.30
[INFO] [stderr]    Compiling unicode-xid v0.1.0
[INFO] [stderr]    Compiling serde v1.0.106
[INFO] [stderr]     Checking smallvec v1.4.0
[INFO] [stderr]    Compiling nix v0.14.1
[INFO] [stderr]    Compiling semver-parser v0.7.0
[INFO] [stderr]     Checking void v1.0.2
[INFO] [stderr]    Compiling pkg-config v0.3.17
[INFO] [stderr]     Checking bytemuck v1.2.0
[INFO] [stderr]     Checking adler32 v1.0.4
[INFO] [stderr]    Compiling wide v0.4.5
[INFO] [stderr]     Checking downcast-rs v1.1.1
[INFO] [stderr]     Checking same-file v1.0.6
[INFO] [stderr]    Compiling crc32fast v1.2.0
[INFO] [stderr]     Checking xdg v2.2.0
[INFO] [stderr]     Checking ppv-lite86 v0.2.6
[INFO] [stderr]    Compiling version_check v0.9.1
[INFO] [stderr]    Compiling proc-macro-hack v0.5.15
[INFO] [stderr]    Compiling rayon-core v1.7.0
[INFO] [stderr]     Checking percent-encoding v2.1.0
[INFO] [stderr]     Checking regex-syntax v0.6.17
[INFO] [stderr]     Checking instant v0.1.3
[INFO] [stderr]    Compiling ryu v1.0.4
[INFO] [stderr]     Checking mopa v0.2.2
[INFO] [stderr]     Checking shrev v1.1.1
[INFO] [stderr]     Checking itoa v0.4.5
[INFO] [stderr]    Compiling num-traits v0.2.11
[INFO] [stderr]    Compiling memoffset v0.5.4
[INFO] [stderr]     Checking lock_api v0.3.4
[INFO] [stderr]    Compiling num-integer v0.1.42
[INFO] [stderr]    Compiling num-rational v0.2.4
[INFO] [stderr]    Compiling num-iter v0.1.40
[INFO] [stderr]     Checking thread_local v1.0.1
[INFO] [stderr]    Compiling hashbrown v0.7.1
[INFO] [stderr]    Compiling semver v0.9.0
[INFO] [stderr]     Checking inflate v0.4.5
[INFO] [stderr]     Checking miniz_oxide v0.3.6
[INFO] [stderr]     Checking walkdir v2.3.1
[INFO] [stderr]     Checking smallvec v0.6.13
[INFO] [stderr]     Checking aho-corasick v0.7.10
[INFO] [stderr]    Compiling nom v5.1.1
[INFO] [stderr]     Checking crossbeam-queue v0.2.1
[INFO] [stderr]     Checking crossbeam-channel v0.4.2
[INFO] [stderr]    Compiling rustc_version v0.2.3
[INFO] [stderr]     Checking dlib v0.4.1
[INFO] [stderr]    Compiling x11-dl v2.18.5
[INFO] [stderr]    Compiling gl_generator v0.13.1
[INFO] [stderr]     Checking crossbeam-epoch v0.8.2
[INFO] [stderr]     Checking stb_truetype v0.3.1
[INFO] [stderr]     Checking deflate v0.8.4
[INFO] [stderr]     Checking jpeg-decoder v0.1.18
[INFO] [stderr]     Checking wayland-sys v0.23.6
[INFO] [stderr]    Compiling quote v0.6.13
[INFO] [stderr]    Compiling quote v1.0.3
[INFO] [stderr]     Checking ultraviolet v0.4.5
[INFO] [stderr]     Checking net2 v0.2.33
[INFO] [stderr]     Checking iovec v0.1.4
[INFO] [stderr]     Checking parking_lot_core v0.7.2
[INFO] [stderr]     Checking memmap v0.7.0
[INFO] [stderr]     Checking shared_library v0.1.9
[INFO] [stderr]     Checking num_cpus v1.13.0
[INFO] [stderr]     Checking raw-window-handle v0.3.3
[INFO] [stderr]     Checking flate2 v1.0.14
[INFO] [stderr]     Checking crossbeam-deque v0.7.3
[INFO] [stderr]    Compiling parking_lot_core v0.6.2
[INFO] [stderr]    Compiling parking_lot v0.9.0
[INFO] [stderr]    Compiling wayland-scanner v0.23.6
[INFO] [stderr]     Checking mio v0.6.21
[INFO] [stderr]     Checking png v0.16.3
[INFO] [stderr]    Compiling const-random-macro v0.1.8
[INFO] [stderr]     Checking rand_core v0.5.1
[INFO] [stdout] error[E0599]: no method named `sin_cos` found for struct `wide::f32x4` in the current scope
[INFO] [stdout]    --> /opt/rustwide/cargo-home/registry/src/github.com-1ecc6299db9ec823/ultraviolet-0.4.5/src/mat.rs:234:36
[INFO] [stdout]     |
[INFO] [stdout] 234 |                 let (s, c) = angle.sin_cos();
[INFO] [stdout]     |                                    ^^^^^^^ method not found in `wide::f32x4`
[INFO] [stdout] ...
[INFO] [stdout] 569 | mat3s!(Mat3 => Rotor3, Bivec3, Mat4, Vec4, Vec2, Vec3, f32, Wat3 => WRotor3, WBivec3, Wat4, Wec4, Wec2, Wec3, f32x4);
[INFO] [stdout]     | --------------------------------------------------------------------------------------------------------------------- in this macro invocation
[INFO] [stdout]     |
[INFO] [stdout]     = note: this error originates in a macro (in Nightly builds, run with -Z macro-backtrace for more info)
[INFO] [stdout] 
[INFO] [stdout] 
[INFO] [stderr]     Checking approx v0.3.2
[INFO] [stdout] error[E0599]: no method named `sin_cos` found for struct `wide::f32x4` in the current scope
[INFO] [stdout]    --> /opt/rustwide/cargo-home/registry/src/github.com-1ecc6299db9ec823/ultraviolet-0.4.5/src/rotor.rs:110:45
[INFO] [stdout]     |
[INFO] [stdout] 110 |                 let (sin, cos) = half_angle.sin_cos();
[INFO] [stdout]     |                                             ^^^^^^^ method not found in `wide::f32x4`
[INFO] [stdout] ...
[INFO] [stdout] 319 | rotor2s!(Rotor2 => (Mat2, Vec2, Bivec2, f32), WRotor2 => (Wat2, Wec2, WBivec2, f32x4));
[INFO] [stdout]     | --------------------------------------------------------------------------------------- in this macro invocation
[INFO] [stdout]     |
[INFO] [stdout]     = note: this error originates in a macro (in Nightly builds, run with -Z macro-backtrace for more info)
[INFO] [stdout] 
[INFO] [stdout] 
[INFO] [stdout] error[E0599]: no method named `sin_cos` found for struct `wide::f32x4` in the current scope
[INFO] [stdout]    --> /opt/rustwide/cargo-home/registry/src/github.com-1ecc6299db9ec823/ultraviolet-0.4.5/src/rotor.rs:121:45
[INFO] [stdout]     |
[INFO] [stdout] 121 |                 let (sin, cos) = half_angle.sin_cos();
[INFO] [stdout]     |                                             ^^^^^^^ method not found in `wide::f32x4`
[INFO] [stdout] ...
[INFO] [stdout] 319 | rotor2s!(Rotor2 => (Mat2, Vec2, Bivec2, f32), WRotor2 => (Wat2, Wec2, WBivec2, f32x4));
[INFO] [stdout]     | --------------------------------------------------------------------------------------- in this macro invocation
[INFO] [stdout]     |
[INFO] [stdout]     = note: this error originates in a macro (in Nightly builds, run with -Z macro-backtrace for more info)
[INFO] [stdout] 
[INFO] [stdout] 
[INFO] [stdout] error[E0599]: no method named `sin_cos` found for struct `wide::f32x4` in the current scope
[INFO] [stdout]    --> /opt/rustwide/cargo-home/registry/src/github.com-1ecc6299db9ec823/ultraviolet-0.4.5/src/rotor.rs:370:45
[INFO] [stdout]     |
[INFO] [stdout] 370 |                 let (sin, cos) = half_angle.sin_cos();
[INFO] [stdout]     |                                             ^^^^^^^ method not found in `wide::f32x4`
[INFO] [stdout] ...
[INFO] [stdout] 677 | rotor3s!(Rotor3 => (Mat3, Vec3, Bivec3, f32), WRotor3 => (Wat3, Wec3, WBivec3, f32x4));
[INFO] [stdout]     | --------------------------------------------------------------------------------------- in this macro invocation
[INFO] [stdout]     |
[INFO] [stdout]     = note: this error originates in a macro (in Nightly builds, run with -Z macro-backtrace for more info)
[INFO] [stdout] 
[INFO] [stdout] 
[INFO] [stderr]     Checking ordered-float v1.0.2
[INFO] [stderr]     Checking line_drawing v0.7.0
[INFO] [stderr]     Checking osmesa-sys v0.1.2
[INFO] [stderr]     Checking parking_lot v0.10.2
[INFO] [stdout] error: aborting due to 4 previous errors
[INFO] [stdout] 
[INFO] [stdout] 
[INFO] [stdout] For more information about this error, try `rustc --explain E0599`.
[INFO] [stdout] 
[INFO] [stderr] error: could not compile `ultraviolet`.
[INFO] [stderr] 
[INFO] [stderr] To learn more, run the command again with --verbose.
[INFO] [stderr] warning: build failed, waiting for other jobs to finish...
[INFO] [stderr] error: build failed
[INFO] running `Command { std: "docker" "inspect" "68cc74ad6170c25dca30be1295f825970b3a8901cef39657dcfc6f074bf5c795", kill_on_drop: false }`
[INFO] running `Command { std: "docker" "rm" "-f" "68cc74ad6170c25dca30be1295f825970b3a8901cef39657dcfc6f074bf5c795", kill_on_drop: false }`
[INFO] [stdout] 68cc74ad6170c25dca30be1295f825970b3a8901cef39657dcfc6f074bf5c795
